{"id":2,"date":"2025-08-16T21:53:25","date_gmt":"2025-08-16T21:53:25","guid":{"rendered":"http:\/\/www.kristedal.se\/?page_id=2"},"modified":"2026-03-06T13:21:24","modified_gmt":"2026-03-06T12:21:24","slug":"sample-page","status":"publish","type":"page","link":"https:\/\/www.kristedal.se\/?page_id=2","title":{"rendered":"Hyltornaposten"},"content":{"rendered":"\n<p>Hyltorna-Posten \u00e4r en nyhetssajt byggd f\u00f6r lite \u00f6kat v\u00e4lm\u00e5ende. H\u00e4r filtreras bruset bort \u2013 v\u00e5ld och brott l\u00e4mnas \u00e5t sidan \u2013 och ist\u00e4llet lyfts nyheter fram som skapar mer balans i vardagen. Nyheterna \u00e4r inte enbart positiva, men de str\u00e4var efter en balans utan vanliga sensationsrubriker.<\/p>\n\n\n\n<figure class=\"wp-block-image size-large is-resized is-style-rounded\"><img loading=\"lazy\" decoding=\"async\" width=\"1024\" height=\"768\" src=\"http:\/\/www.kristedal.se\/wp-content\/uploads\/2025\/10\/IMG_4721b-1024x768.jpg\" alt=\"\" class=\"wp-image-88\" style=\"width:219px;height:auto\" srcset=\"https:\/\/www.kristedal.se\/wp-content\/uploads\/2025\/10\/IMG_4721b-1024x768.jpg 1024w, https:\/\/www.kristedal.se\/wp-content\/uploads\/2025\/10\/IMG_4721b-300x225.jpg 300w, https:\/\/www.kristedal.se\/wp-content\/uploads\/2025\/10\/IMG_4721b-768x576.jpg 768w, https:\/\/www.kristedal.se\/wp-content\/uploads\/2025\/10\/IMG_4721b-1536x1152.jpg 1536w, https:\/\/www.kristedal.se\/wp-content\/uploads\/2025\/10\/IMG_4721b-2048x1536.jpg 2048w, https:\/\/www.kristedal.se\/wp-content\/uploads\/2025\/10\/IMG_4721b-850x638.jpg 850w\" sizes=\"auto, (max-width: 1024px) 100vw, 1024px\" \/><\/figure>\n\n\n\n<p><\/p>\n\n\n\n<p>Mitt projekt \u00e4r en egenutvecklad nyhetssajt, driven av Python p\u00e5 en Raspberry Pi, som automatiskt samlar nyheter fr\u00e5n flera k\u00e4llor men filtrerar bort det som drar ner hum\u00f6ret. Det handlar inte om att bara visa positiva nyheter, utan om att skapa mer balans.<\/p>\n\n\n\n<p>Resultatet blir ett lite mer anpassat fl\u00f6de fyllt av nyheter om teknik, innovation, samh\u00e4lle och kultur. Sajten uppdateras varje timme och levererar en snabb, reklamfri och l\u00e4ttl\u00e4st upplevelse.<\/p>\n\n\n\n<p><a href=\"http:\/\/www.kristedal.se\/news\">http:\/\/www.kristedal.se\/news<\/a><\/p>\n","protected":false},"excerpt":{"rendered":"<p>Hyltorna-Posten \u00e4r en nyhetssajt byggd f\u00f6r lite \u00f6kat v\u00e4lm\u00e5ende. H\u00e4r filtreras bruset bort \u2013 v\u00e5ld och brott l\u00e4mnas \u00e5t sidan \u2013 och ist\u00e4llet lyfts nyheter fram som skapar mer balans i vardagen. Nyheterna \u00e4r inte enbart positiva, men de str\u00e4var efter en balans utan vanliga sensationsrubriker. Mitt projekt \u00e4r en egenutvecklad nyhetssajt, driven av Python [&hellip;]<\/p>\n","protected":false},"author":1,"featured_media":0,"parent":0,"menu_order":0,"comment_status":"closed","ping_status":"open","template":"","meta":{"footnotes":""},"class_list":["post-2","page","type-page","status-publish","hentry"],"_links":{"self":[{"href":"https:\/\/www.kristedal.se\/index.php?rest_route=\/wp\/v2\/pages\/2","targetHints":{"allow":["GET"]}}],"collection":[{"href":"https:\/\/www.kristedal.se\/index.php?rest_route=\/wp\/v2\/pages"}],"about":[{"href":"https:\/\/www.kristedal.se\/index.php?rest_route=\/wp\/v2\/types\/page"}],"author":[{"embeddable":true,"href":"https:\/\/www.kristedal.se\/index.php?rest_route=\/wp\/v2\/users\/1"}],"replies":[{"embeddable":true,"href":"https:\/\/www.kristedal.se\/index.php?rest_route=%2Fwp%2Fv2%2Fcomments&post=2"}],"version-history":[{"count":9,"href":"https:\/\/www.kristedal.se\/index.php?rest_route=\/wp\/v2\/pages\/2\/revisions"}],"predecessor-version":[{"id":445,"href":"https:\/\/www.kristedal.se\/index.php?rest_route=\/wp\/v2\/pages\/2\/revisions\/445"}],"wp:attachment":[{"href":"https:\/\/www.kristedal.se\/index.php?rest_route=%2Fwp%2Fv2%2Fmedia&parent=2"}],"curies":[{"name":"wp","href":"https:\/\/api.w.org\/{rel}","templated":true}]}}